e
Is 224585 a prime number?
False
Is 877 composite?
False
Is 8609 composite?
False
Is 567497 prime?
False
Is 5147 prime?
True
Is 15131 prime?
True
Is 4798 a prime number?
False
Is 22733 a prime number?
False
Is 1346611 prime?
False
Is 1128889 a composite number?
False
Is 19973 composite?
False
Is 54958 a composite number?
True
Is 8779 a prime number?
True
Is 46901 prime?
True
Is 97151 a prime number?
True
Is 803 a composite number?
True
Is 313193 prime?
False
Is 365407 prime?
False
Is 869597 a prime number?
True
Is 28123 a prime number?
True
Is 5039 prime?
True
Is 33107 a composite number?
False
Is 607519 prime?
False
Is 5077 a prime number?
True
Is 38987 composite?
True
Is 4201 prime?
True
Is 935861 composite?
False
Is 76303 a prime number?
True
Is 42215 a prime number?
False
Is 7523 a prime number?
True
Is 71191 prime?
True
Is 35671 a prime number?
True
Is 201413 a prime number?
True
Is 294155 composite?
True
Is 34163 composite?
True
Is 66026 composite?
True
Is 81521 a composite number?
True
Is 165587 prime?
True
Is 138815 composite?
True
Is 71931 a composite number?
True
Is 188843 prime?
True
Is 597 a prime number?
False
Is 1317 a composite number?
True
Is 41333 composite?
False
Is 28901 a prime number?
True
Is 32141 a composite number?
False
Is 37243 a composite number?
False
Is 156419 a composite number?
False
Is 1417 prime?
False
Is 557 composite?
False
Is 8285 a composite number?
True
Is 8051 prime?
False
Is 39013 a composite number?
True
Is 29551 a composite number?
True
Is 204794 prime?
False
Is 4721 a composite number?
False
Is 116843 a prime number?
False
Is 1459709 a prime number?
True
Is 67339 a composite number?
False
Is 38289 composite?
True
Is 33997 prime?
True
Is 67198 a composite number?
True
Is 1338101 prime?
True
Is 81817 prime?
True
Is 60506 a prime number?
False
Is 110217 a composite number?
True
Is 45691 prime?
True
Is 20543 prime?
True
Is 582083 composite?
False
Is 6707 prime?
False
Is 319019 prime?
False
Is 1384181 composite?
True
Is 922273 a prime number?
False
Is 2743 a composite number?
True
Is 484067 a composite number?
False
Is 14921 prime?
False
Is 16199 prime?
False
Is 19742 prime?
False
Is 146177 a composite number?
True
Is 887 a composite number?
False
Is 580787 prime?
True
Is 1399 prime?
True
Is 968743 a prime number?
False
Is 101633 a prime number?
False
Is 233113 composite?
False
Is 62407 prime?
False
Is 184669 composite?
False
Is 91183 a prime number?
True
Is 21467 a composite number?
False
Is 187855 a prime number?
False
Is 22679 a composite number?
False
Is 9517 a prime number?
False
Is 35617 composite?
False
Is 245621 a composite number?
False
Is 3273 composite?
True
Is 479 composite?
False
Is 352181 a composite number?
False
Is 114451 prime?
True
Is 5919 a composite number?
True
Is 236219 prime?
True
Is 247573 a prime number?
False
Is 3989 prime?
True
Is 2339 composite?
False
Is 2503 a composite number?
False
Is 1274291 a composite number?
False
Is 28009 composite?
True
Is 12779 prime?
False
Is 4819 prime?
False
Is 178559 a prime number?
True
Is 2267879 a prime number?
True
Is 16249 a prime number?
True
Is 529831 a composite number?
True
Is 14143 composite?
False
Is 50357 a composite number?
True
Is 17741 a composite number?
True
Is 7045 prime?
False
Is 4197 a composite number?
True
Is 21961 prime?
True
Is 7649 a prime number?
True
Is 45989 a composite number?
False
Is 49447 a composite number?
True
Is 563 prime?
True
Is 6389 prime?
True
Is 1789517 a composite number?
False
Is 59009 a prime number?
True
Is 28093 a prime number?
False
Is 153701 prime?
True
Is 29423 a prime number?
True
Is 486211 a prime number?
False
Is 85843 composite?
False
Is 991229 composite?
False
Is 8879 prime?
False
Is 206683 a prime number?
False
Is 127339 a prime number?
False
Is 1157215 a composite number?
True
Is 8563 a composite number?
False
Is 55999 composite?
True
Is 55911 composite?
True
Is 30359 prime?
False
Is 473833 prime?
True
Is 137843 a composite number?
True
Is 339337 a composite number?
True
Is 95369 composite?
False
Is 63683 a composite number?
True
Is 54869 composite?
False
Is 200885 prime?
False
Is 2939 a composite number?
False
Is 157 a composite number?
False
Is 1039229 prime?
True
Is 22577 prime?
False
Is 26747 a composite number?
True
Is 207923 a composite number?
False
Is 666427 a prime number?
True
Is 21265 composite?
True
Is 208189 a prime number?
True
Is 175193 a composite number?
True
Is 586973 prime?
True
Is 99761 a composite number?
False
Is 12302 a composite number?
True
Is 8951 prime?
True
Is 198613 a prime number?
True
Is 1612271 a composite number?
False
Is 2321 a composite number?
True
Is 2436233 a prime number?
True
Is 63353 prime?
True
Is 190027 a composite number?
False
Is 30211 prime?
True
Is 62641 a prime number?
False
Is 9647 a prime number?
False
Is 13367 prime?
True
Is 3401 prime?
False
Is 69991 composite?
False
Is 184993 composite?
False
Is 18773 a prime number?
True
Is 89618 composite?
True
Is 214631 a prime number?
True
Is 601178 a composite number?
True
Is 31643 a composite number?
False
Is 1083487 a composite number?
True
Is 1563389 a composite number?
False
Is 38 composite?
True
Is 16939 a composite number?
True
Is 7321 a composite number?
False
Is 17707 a composite number?
False
Is 22229 prime?
True
Is 56473 a composite number?
False
Is 1374673 composite?
False
Is 9923 prime?
True
Is 682783 a composite number?
True
Is 213 a prime number?
False
Is 1988419 prime?
False
Is 160733 prime?
False
Is 1020665 a prime number?
False
Is 1121819 composite?
False
Is 769 composite?
False
Is 127031 a composite number?
False
Is 6995 a prime number?
False
Is 2215 a composite number?
True
Is 116351 a composite number?
False
Is 88741 a prime number?
True
Is 61709 a prime number?
False
Is 2099 prime?
True
Is 74447 composite?
True
Is 182261 a prime number?
True
Is 297899 a composite number?
True
Is 2053 prime?
True
Is 452229 prime?
False
Is 1649627 a prime number?
False
Is 2963 composite?
False
Is 29077 prime?
True
Is 406927 a composite number?
True
Is 1661 a composite number?
True
Is 13247 a composite number?
True
Is 6887 a composite number?
True
Is 1122499 composite?
True
Is 168823 composite?
True
Is 65213 a composite number?
False
Is 103497 a prime number?
False
Is 12381 composite?
True
Is 75913 a prime number?
True
Is 3709 a prime number?
True
Is 4985 prime?
False
Is 9151 a composite number?
False
Is 325301 a composite number?
False
Is 74677 a composite number?
True
Is 2507 prime?
False
Is 1709 composite?
False
Is 51937 prime?
False
Is 8263 a composite number?
False
Is 5155 a composite number?
True
Is 66457 a composite number?
False
Is 16141 a composite number?
False
Is 15107 a prime number?
True
Is 34511 a composite number?
False
Is 1543 a composite number?
False
Is 9613 composite?
False
Is 194239 composite?
False
Is 21767 composite?
False
Is 18937 prime?
False
Is 2998 prime?
False
Is 11741 composite?
True
Is 1478923 a prime number?
False
Is 18697 a prime number?
False
Is 1043 composite?
True
Is 49277 a composite number?
False
Is 9617 prime?
False
Is 4547 a composite number?
False
Is 626231 prime?
False
Is 95857 a composite number?
False
Is 439483 a composite number?
True
Is 323353 composite?
True
Is 692005 composite?
True
Is 476183 prime?
True
Is 428137 a prime number?
True
Is 80651 a composite number?
False
Is 49429 a prime number?
True
Is 703 composite?
True
Is 26759 a prime number?
True
Is 458789 prime?
True
Is 4396651 a composite number?
True
Is 134639 a composite number?
False
Is 64271 a prime number?
True
Is 3593 prime?
True
Is 30631 composite?
False
Is 61279 a prime number?
False
Is 250067 prime?
False
Is 1259 prime?
True
Is 23221 a prime number?
False
Is 125801 prime?
False
Is 204937 a prime number?
False
Is 14699 a prime number?
True
Is 910307 a prime number?
True
Is 246689 composite?
False
Is 11002 a composite number?
True
Is 28367 a prime number?
False
Is 25078 prime?
False
Is 36629 composite?
False
Is 459461 composite?
True
Is 1713 prime?
False
Is 5543 composite?
True
Is 19297 prime?
False
Is 113437 prime?
True
Is 9649 prime?
True
Is 26237 a composite number?
False
Is 14255 a composite number?
True
Is 267017 prime?
True
Is 15187 a prime number?
True
Is 1028666 prime?
False
Is 17